{"version":"1.0","provider_name":"Blog C&amp;H News","provider_url":"https:\/\/grupocyh.com\/blog","author_name":"admin","author_url":"https:\/\/grupocyh.com\/blog\/author\/admin\/","title":"Inaugura Gobernador el Centro T\u00e1ctico Operativo de Amealco - Blog C&amp;H News","type":"rich","width":600,"height":338,"html":"<blockquote class=\"wp-embedded-content\" data-secret=\"CosArXI4a1\"><a href=\"https:\/\/grupocyh.com\/blog\/tecnologia2\/inaugura-gobernador-el-centro-tactico-operativo-de-amealco\/\">Inaugura Gobernador el Centro T\u00e1ctico Operativo de Amealco<\/a><\/blockquote><iframe sandbox=\"allow-scripts\" security=\"restricted\" src=\"https:\/\/grupocyh.com\/blog\/tecnologia2\/inaugura-gobernador-el-centro-tactico-operativo-de-amealco\/embed\/#?secret=CosArXI4a1\" width=\"600\" height=\"338\" title=\"\u00abInaugura Gobernador el Centro T\u00e1ctico Operativo de Amealco\u00bb \u2014 Blog C&amp;H News\" data-secret=\"CosArXI4a1\" frameborder=\"0\" marginwidth=\"0\" marginheight=\"0\" scrolling=\"no\" class=\"wp-embedded-content\"><\/iframe><script type=\"text\/javascript\">\n\/* <![CDATA[ *\/\n\/*! This file is auto-generated *\/\n!function(d,l){\"use strict\";l.querySelector&&d.addEventListener&&\"undefined\"!=typeof URL&&(d.wp=d.wp||{},d.wp.receiveEmbedMessage||(d.wp.receiveEmbedMessage=function(e){var t=e.data;if((t||t.secret||t.message||t.value)&&!\/[^a-zA-Z0-9]\/.test(t.secret)){for(var s,r,n,a=l.querySelectorAll('iframe[data-secret=\"'+t.secret+'\"]'),o=l.querySelectorAll('blockquote[data-secret=\"'+t.secret+'\"]'),c=new RegExp(\"^https?:$\",\"i\"),i=0;i<o.length;i++)o[i].style.display=\"none\";for(i=0;i<a.length;i++)s=a[i],e.source===s.contentWindow&&(s.removeAttribute(\"style\"),\"height\"===t.message?(1e3<(r=parseInt(t.value,10))?r=1e3:~~r<200&&(r=200),s.height=r):\"link\"===t.message&&(r=new URL(s.getAttribute(\"src\")),n=new URL(t.value),c.test(n.protocol))&&n.host===r.host&&l.activeElement===s&&(d.top.location.href=t.value))}},d.addEventListener(\"message\",d.wp.receiveEmbedMessage,!1),l.addEventListener(\"DOMContentLoaded\",function(){for(var e,t,s=l.querySelectorAll(\"iframe.wp-embedded-content\"),r=0;r<s.length;r++)(t=(e=s[r]).getAttribute(\"data-secret\"))||(t=Math.random().toString(36).substring(2,12),e.src+=\"#?secret=\"+t,e.setAttribute(\"data-secret\",t)),e.contentWindow.postMessage({message:\"ready\",secret:t},\"*\")},!1)))}(window,document);\n\/* ]]> *\/\n<\/script>\n","thumbnail_url":"http:\/\/grupocyh.com\/blog\/wp-content\/uploads\/2024\/02\/71_273_43550_1478443322_02_04_C4_AMEALCO_09-2.jpg","thumbnail_width":1800,"thumbnail_height":1200,"description":"Con la finalidad de fortalecer la seguridad en la entidad, el gobernador, Mauricio Kuri Gonz\u00e1lez, encabez\u00f3 la inauguraci\u00f3n del Centro T\u00e1ctico Operativo, en el municipio de Amealco de Bonfil, donde asegur\u00f3 que la seguridad es una prioridad en su administraci\u00f3n. \u201cLa tecnolog\u00eda de este Centro T\u00e1ctico Operativo tambi\u00e9n permite poder mejorar la red de radiocomunicaci\u00f3n [&hellip;]"}

Inaugura Gobernador el Centro Táctico Operativo de Amealco - Blog C&amp;H News

<blockquote class="wp-embedded-content" data-secret="CosArXI4a1"><a href="https://grupocyh.com/blog/tecnologia2/inaugura-gobernador-el-centro-tactico-operativo-de-amealco/">Inaugura Gobernador el Centro Táctico Operativo de Amealco</a></blockquote><iframe sandbox="allow-scripts" security="restricted" src="https://grupocyh.com/blog/tecnologia2/inaugura-gobernador-el-centro-tactico-operativo-de-amealco/embed/#?secret=CosArXI4a1" width="600" height="338" title="«Inaugura Gobernador el Centro Táctico Operativo de Amealco» — Blog C&amp;H News" data-secret="CosArXI4a1" frameborder="0" marginwidth="0" marginheight="0" scrolling="no" class="wp-embedded-content"></iframe><script type="text/javascript">
/* <![CDATA[ */
/*! This file is auto-generated */
!function(d,l){"use strict";l.querySelector&&d.addEventListener&&"undefined"!=typeof URL&&(d.wp=d.wp||{},d.wp.receiveEmbedMessage||(d.wp.receiveEmbedMessage=function(e){var t=e.data;if((t||t.secret||t.message||t.value)&&!/[^a-zA-Z0-9]/.test(t.secret)){for(var s,r,n,a=l.querySelectorAll('iframe[data-secret="'+t.secret+'"]'),o=l.querySelectorAll('blockquote[data-secret="'+t.secret+'"]'),c=new RegExp("^https?:$","i"),i=0;i<o.length;i++)o[i].style.display="none";for(i=0;i<a.length;i++)s=a[i],e.source===s.contentWindow&&(s.removeAttribute("style"),"height"===t.message?(1e3<(r=parseInt(t.value,10))?r=1e3:~~r<200&&(r=200),s.height=r):"link"===t.message&&(r=new URL(s.getAttribute("src")),n=new URL(t.value),c.test(n.protocol))&&n.host===r.host&&l.activeElement===s&&(d.top.location.href=t.value))}},d.addEventListener("message",d.wp.receiveEmbedMessage,!1),l.addEventListener("DOMContentLoaded",function(){for(var e,t,s=l.querySelectorAll("iframe.wp-embedded-content"),r=0;r<s.length;r++)(t=(e=s[r]).getAttribute("data-secret"))||(t=Math.random().toString(36).substring(2,12),e.src+="#?secret="+t,e.setAttribute("data-secret",t)),e.contentWindow.postMessage({message:"ready",secret:t},"*")},!1)))}(window,document);
/* ]]> */
</script>

Con la finalidad de fortalecer la seguridad en la entidad, el gobernador, Mauricio Kuri González, encabezó la inauguración del Centro Táctico Operativo, en el municipio de Amealco de Bonfil, donde aseguró que la seguridad es una prioridad en su administración. “La tecnología de este Centro Táctico Operativo también permite poder mejorar la red de radiocomunicación [&hellip;]
