{"version":"1.0","provider_name":"Blog C&amp;H News","provider_url":"https:\/\/grupocyh.com\/blog","author_name":"admin","author_url":"https:\/\/grupocyh.com\/blog\/author\/admin\/","title":"Quer\u00e9taro y CANACAR estrechan lazos de cooperaci\u00f3n - Blog C&amp;H News","type":"rich","width":600,"height":338,"html":"<blockquote class=\"wp-embedded-content\" data-secret=\"8Kl07fXIbf\"><a href=\"https:\/\/grupocyh.com\/blog\/negocios2\/queretaro-y-canacar-estrechan-lazos-de-cooperacion\/\">Quer\u00e9taro y CANACAR estrechan lazos de cooperaci\u00f3n<\/a><\/blockquote><iframe sandbox=\"allow-scripts\" security=\"restricted\" src=\"https:\/\/grupocyh.com\/blog\/negocios2\/queretaro-y-canacar-estrechan-lazos-de-cooperacion\/embed\/#?secret=8Kl07fXIbf\" width=\"600\" height=\"338\" title=\"\u00abQuer\u00e9taro y CANACAR estrechan lazos de cooperaci\u00f3n\u00bb \u2014 Blog C&amp;H News\" data-secret=\"8Kl07fXIbf\" frameborder=\"0\" marginwidth=\"0\" marginheight=\"0\" scrolling=\"no\" class=\"wp-embedded-content\"><\/iframe><script type=\"text\/javascript\">\n\/* <![CDATA[ *\/\n\/*! This file is auto-generated *\/\n!function(d,l){\"use strict\";l.querySelector&&d.addEventListener&&\"undefined\"!=typeof URL&&(d.wp=d.wp||{},d.wp.receiveEmbedMessage||(d.wp.receiveEmbedMessage=function(e){var t=e.data;if((t||t.secret||t.message||t.value)&&!\/[^a-zA-Z0-9]\/.test(t.secret)){for(var s,r,n,a=l.querySelectorAll('iframe[data-secret=\"'+t.secret+'\"]'),o=l.querySelectorAll('blockquote[data-secret=\"'+t.secret+'\"]'),c=new RegExp(\"^https?:$\",\"i\"),i=0;i<o.length;i++)o[i].style.display=\"none\";for(i=0;i<a.length;i++)s=a[i],e.source===s.contentWindow&&(s.removeAttribute(\"style\"),\"height\"===t.message?(1e3<(r=parseInt(t.value,10))?r=1e3:~~r<200&&(r=200),s.height=r):\"link\"===t.message&&(r=new URL(s.getAttribute(\"src\")),n=new URL(t.value),c.test(n.protocol))&&n.host===r.host&&l.activeElement===s&&(d.top.location.href=t.value))}},d.addEventListener(\"message\",d.wp.receiveEmbedMessage,!1),l.addEventListener(\"DOMContentLoaded\",function(){for(var e,t,s=l.querySelectorAll(\"iframe.wp-embedded-content\"),r=0;r<s.length;r++)(t=(e=s[r]).getAttribute(\"data-secret\"))||(t=Math.random().toString(36).substring(2,12),e.src+=\"#?secret=\"+t,e.setAttribute(\"data-secret\",t)),e.contentWindow.postMessage({message:\"ready\",secret:t},\"*\")},!1)))}(window,document);\n\/* ]]> *\/\n<\/script>\n","thumbnail_url":"https:\/\/grupocyh.com\/blog\/wp-content\/uploads\/2024\/04\/CANACAR_HANNOVER__4-scaled.jpg","thumbnail_width":2560,"thumbnail_height":1707,"description":"El presidente Nacional de la C\u00e1mara Nacional del Autotransporte de Carga (CANACAR), Miguel \u00c1ngel Mart\u00ednez Mill\u00e1n, sostuvo un acercamiento con el titular del Poder Ejecutivo de Quer\u00e9taro, como parte de las actividades de la Feria Aeroespacial Hannover Messe, en Alemania, con el objetivo de generar estrategias de cooperaci\u00f3n para fortalecer al sector y las operaciones [&hellip;]"}

Querétaro y CANACAR estrechan lazos de cooperación - Blog C&amp;H News

<blockquote class="wp-embedded-content" data-secret="8Kl07fXIbf"><a href="https://grupocyh.com/blog/negocios2/queretaro-y-canacar-estrechan-lazos-de-cooperacion/">Querétaro y CANACAR estrechan lazos de cooperación</a></blockquote><iframe sandbox="allow-scripts" security="restricted" src="https://grupocyh.com/blog/negocios2/queretaro-y-canacar-estrechan-lazos-de-cooperacion/embed/#?secret=8Kl07fXIbf" width="600" height="338" title="«Querétaro y CANACAR estrechan lazos de cooperación» — Blog C&amp;H News" data-secret="8Kl07fXIbf" frameborder="0" marginwidth="0" marginheight="0" scrolling="no" class="wp-embedded-content"></iframe><script type="text/javascript">
/* <![CDATA[ */
/*! This file is auto-generated */
!function(d,l){"use strict";l.querySelector&&d.addEventListener&&"undefined"!=typeof URL&&(d.wp=d.wp||{},d.wp.receiveEmbedMessage||(d.wp.receiveEmbedMessage=function(e){var t=e.data;if((t||t.secret||t.message||t.value)&&!/[^a-zA-Z0-9]/.test(t.secret)){for(var s,r,n,a=l.querySelectorAll('iframe[data-secret="'+t.secret+'"]'),o=l.querySelectorAll('blockquote[data-secret="'+t.secret+'"]'),c=new RegExp("^https?:$","i"),i=0;i<o.length;i++)o[i].style.display="none";for(i=0;i<a.length;i++)s=a[i],e.source===s.contentWindow&&(s.removeAttribute("style"),"height"===t.message?(1e3<(r=parseInt(t.value,10))?r=1e3:~~r<200&&(r=200),s.height=r):"link"===t.message&&(r=new URL(s.getAttribute("src")),n=new URL(t.value),c.test(n.protocol))&&n.host===r.host&&l.activeElement===s&&(d.top.location.href=t.value))}},d.addEventListener("message",d.wp.receiveEmbedMessage,!1),l.addEventListener("DOMContentLoaded",function(){for(var e,t,s=l.querySelectorAll("iframe.wp-embedded-content"),r=0;r<s.length;r++)(t=(e=s[r]).getAttribute("data-secret"))||(t=Math.random().toString(36).substring(2,12),e.src+="#?secret="+t,e.setAttribute("data-secret",t)),e.contentWindow.postMessage({message:"ready",secret:t},"*")},!1)))}(window,document);
/* ]]> */
</script>

El presidente Nacional de la Cámara Nacional del Autotransporte de Carga (CANACAR), Miguel Ángel Martínez Millán, sostuvo un acercamiento con el titular del Poder Ejecutivo de Querétaro, como parte de las actividades de la Feria Aeroespacial Hannover Messe, en Alemania, con el objetivo de generar estrategias de cooperación para fortalecer al sector y las operaciones [&hellip;]
